{"id":668,"date":"2024-04-25T21:48:44","date_gmt":"2024-04-26T02:48:44","guid":{"rendered":"https:\/?page_id=668"},"modified":"2025-06-24T15:31:12","modified_gmt":"2025-06-24T20:31:12","slug":"comite-ejecutivo","status":"publish","type":"page","link":"https:\/\/ligadefutboldelatlantico.com\/index.php\/comite-ejecutivo\/","title":{"rendered":"Comit\u00e9 ejecutivo &#8211; Liga de futbol Atl\u00e1ntico"},"content":{"rendered":"\t\t<div data-elementor-type=\"wp-page\" data-elementor-id=\"668\" class=\"elementor elementor-668\" data-elementor-post-type=\"page\">\n\t\t\t\t\t\t<section class=\"elementor-section elementor-top-section elementor-element elementor-element-119d814 elementor-section-full_width elementor-section-height-min-height elementor-section-height-default elementor-section-items-middle\" data-id=\"119d814\" data-element_type=\"section\" data-settings=\"{&quot;background_background&quot;:&quot;classic&quot;}\">\n\t\t\t\t\t\t<div class=\"elementor-container elementor-column-gap-default\">\n\t\t\t\t\t<div class=\"elementor-column elementor-col-100 elementor-top-column elementor-element elementor-element-e9d5b41\" data-id=\"e9d5b41\" data-element_type=\"column\">\n\t\t\t<div class=\"elementor-widget-wrap elementor-element-populated\">\n\t\t\t\t\t\t<section class=\"elementor-section elementor-inner-section elementor-element elementor-element-41701cd elementor-section-boxed elementor-section-height-default elementor-section-height-default\" data-id=\"41701cd\" data-element_type=\"section\">\n\t\t\t\t\t\t<div class=\"elementor-container elementor-column-gap-default\">\n\t\t\t\t\t<div class=\"elementor-column elementor-col-100 elementor-inner-column elementor-element elementor-element-9d64b83\" data-id=\"9d64b83\" data-element_type=\"column\">\n\t\t\t<div class=\"elementor-widget-wrap elementor-element-populated\">\n\t\t\t\t\t\t<div class=\"elementor-element elementor-element-e2287ae elementor-widget elementor-widget-heading\" data-id=\"e2287ae\" data-element_type=\"widget\" data-widget_type=\"heading.default\">\n\t\t\t\t<div class=\"elementor-widget-container\">\n\t\t\t\t\t<h2 class=\"elementor-heading-title elementor-size-default\">COMIT\u00c9 EJECUTIVO<\/h2>\t\t\t\t<\/div>\n\t\t\t\t<\/div>\n\t\t\t\t\t<\/div>\n\t\t<\/div>\n\t\t\t\t\t<\/div>\n\t\t<\/section>\n\t\t\t\t\t<\/div>\n\t\t<\/div>\n\t\t\t\t\t<\/div>\n\t\t<\/section>\n\t\t<div class=\"elementor-element elementor-element-5cd335e e-grid e-con-boxed e-con e-parent\" data-id=\"5cd335e\" data-element_type=\"container\">\n\t\t\t\t\t<div class=\"e-con-inner\">\n\t\t<div class=\"elementor-element elementor-element-ad0ee4b e-flex e-con-boxed e-con e-child\" data-id=\"ad0ee4b\" data-element_type=\"container\">\n\t\t\t\t\t<div class=\"e-con-inner\">\n\t\t\t\t<div class=\"elementor-element elementor-element-e720765 elementor-widget elementor-widget-image\" data-id=\"e720765\" data-element_type=\"widget\" data-widget_type=\"image.default\">\n\t\t\t\t<div class=\"elementor-widget-container\">\n\t\t\t\t\t\t\t\t\t\t\t\t\t\t\t<img fetchpriority=\"high\" decoding=\"async\" width=\"900\" height=\"900\" src=\"https:\/\/ligadefutboldelatlantico.com\/wp-content\/uploads\/2024\/05\/Presidente-e1715023950214.jpg\" class=\"attachment-full size-full wp-image-708\" alt=\"\" srcset=\"https:\/\/ligadefutboldelatlantico.com\/wp-content\/uploads\/2024\/05\/Presidente-e1715023950214.jpg 900w, https:\/\/ligadefutboldelatlantico.com\/wp-content\/uploads\/2024\/05\/Presidente-e1715023950214-300x300.jpg 300w, https:\/\/ligadefutboldelatlantico.com\/wp-content\/uploads\/2024\/05\/Presidente-e1715023950214-150x150.jpg 150w, https:\/\/ligadefutboldelatlantico.com\/wp-content\/uploads\/2024\/05\/Presidente-e1715023950214-768x768.jpg 768w, https:\/\/ligadefutboldelatlantico.com\/wp-content\/uploads\/2024\/05\/Presidente-e1715023950214-600x600.jpg 600w, https:\/\/ligadefutboldelatlantico.com\/wp-content\/uploads\/2024\/05\/Presidente-e1715023950214-100x100.jpg 100w\" sizes=\"(max-width: 900px) 100vw, 900px\" \/>\t\t\t\t\t\t\t\t\t\t\t\t\t\t\t<\/div>\n\t\t\t\t<\/div>\n\t\t\t\t<div class=\"elementor-element elementor-element-7b55f52 elementor-widget elementor-widget-heading\" data-id=\"7b55f52\" data-element_type=\"widget\" data-widget_type=\"heading.default\">\n\t\t\t\t<div class=\"elementor-widget-container\">\n\t\t\t\t\t<h2 class=\"elementor-heading-title elementor-size-default\">FRANCISCO S\u00c1NCHEZ<\/h2>\t\t\t\t<\/div>\n\t\t\t\t<\/div>\n\t\t\t\t<div class=\"elementor-element elementor-element-aa5a1dc elementor-widget elementor-widget-heading\" data-id=\"aa5a1dc\" data-element_type=\"widget\" data-widget_type=\"heading.default\">\n\t\t\t\t<div class=\"elementor-widget-container\">\n\t\t\t\t\t<h2 class=\"elementor-heading-title elementor-size-default\">Presidente<\/h2>\t\t\t\t<\/div>\n\t\t\t\t<\/div>\n\t\t\t\t\t<\/div>\n\t\t\t\t<\/div>\n\t\t<div class=\"elementor-element elementor-element-c727eae e-flex e-con-boxed e-con e-child\" data-id=\"c727eae\" data-element_type=\"container\">\n\t\t\t\t\t<div class=\"e-con-inner\">\n\t\t\t\t<div class=\"elementor-element elementor-element-4999bb6 elementor-widget elementor-widget-image\" data-id=\"4999bb6\" data-element_type=\"widget\" data-widget_type=\"image.default\">\n\t\t\t\t<div class=\"elementor-widget-container\">\n\t\t\t\t\t\t\t\t\t\t\t\t\t\t\t<img decoding=\"async\" width=\"900\" height=\"900\" src=\"https:\/\/ligadefutboldelatlantico.com\/wp-content\/uploads\/2024\/05\/primer-vicepresidentye-e1715024839852.jpg\" class=\"attachment-full size-full wp-image-716\" alt=\"\" srcset=\"https:\/\/ligadefutboldelatlantico.com\/wp-content\/uploads\/2024\/05\/primer-vicepresidentye-e1715024839852.jpg 900w, https:\/\/ligadefutboldelatlantico.com\/wp-content\/uploads\/2024\/05\/primer-vicepresidentye-e1715024839852-300x300.jpg 300w, https:\/\/ligadefutboldelatlantico.com\/wp-content\/uploads\/2024\/05\/primer-vicepresidentye-e1715024839852-150x150.jpg 150w, https:\/\/ligadefutboldelatlantico.com\/wp-content\/uploads\/2024\/05\/primer-vicepresidentye-e1715024839852-768x768.jpg 768w, https:\/\/ligadefutboldelatlantico.com\/wp-content\/uploads\/2024\/05\/primer-vicepresidentye-e1715024839852-600x600.jpg 600w, https:\/\/ligadefutboldelatlantico.com\/wp-content\/uploads\/2024\/05\/primer-vicepresidentye-e1715024839852-100x100.jpg 100w\" sizes=\"(max-width: 900px) 100vw, 900px\" \/>\t\t\t\t\t\t\t\t\t\t\t\t\t\t\t<\/div>\n\t\t\t\t<\/div>\n\t\t\t\t<div class=\"elementor-element elementor-element-239d915 elementor-widget elementor-widget-heading\" data-id=\"239d915\" data-element_type=\"widget\" data-widget_type=\"heading.default\">\n\t\t\t\t<div class=\"elementor-widget-container\">\n\t\t\t\t\t<h2 class=\"elementor-heading-title elementor-size-default\">MOIS\u00c9S D\u00cdAZ VEL\u00c1SQUEZ<\/h2>\t\t\t\t<\/div>\n\t\t\t\t<\/div>\n\t\t\t\t<div class=\"elementor-element elementor-element-8956b7c elementor-widget elementor-widget-heading\" data-id=\"8956b7c\" data-element_type=\"widget\" data-widget_type=\"heading.default\">\n\t\t\t\t<div class=\"elementor-widget-container\">\n\t\t\t\t\t<h2 class=\"elementor-heading-title elementor-size-default\">Primer Vicepresidente<\/h2>\t\t\t\t<\/div>\n\t\t\t\t<\/div>\n\t\t\t\t\t<\/div>\n\t\t\t\t<\/div>\n\t\t<div class=\"elementor-element elementor-element-4310dd5 e-flex e-con-boxed e-con e-child\" data-id=\"4310dd5\" data-element_type=\"container\">\n\t\t\t\t\t<div class=\"e-con-inner\">\n\t\t\t\t<div class=\"elementor-element elementor-element-4fb2dfd elementor-widget elementor-widget-image\" data-id=\"4fb2dfd\" data-element_type=\"widget\" data-widget_type=\"image.default\">\n\t\t\t\t<div class=\"elementor-widget-container\">\n\t\t\t\t\t\t\t\t\t\t\t\t\t\t\t<img decoding=\"async\" width=\"900\" height=\"900\" src=\"https:\/\/ligadefutboldelatlantico.com\/wp-content\/uploads\/2024\/05\/segundo-vicepresidente-e1715025726360.jpg\" class=\"attachment-full size-full wp-image-729\" alt=\"\" srcset=\"https:\/\/ligadefutboldelatlantico.com\/wp-content\/uploads\/2024\/05\/segundo-vicepresidente-e1715025726360.jpg 900w, https:\/\/ligadefutboldelatlantico.com\/wp-content\/uploads\/2024\/05\/segundo-vicepresidente-e1715025726360-300x300.jpg 300w, https:\/\/ligadefutboldelatlantico.com\/wp-content\/uploads\/2024\/05\/segundo-vicepresidente-e1715025726360-150x150.jpg 150w, https:\/\/ligadefutboldelatlantico.com\/wp-content\/uploads\/2024\/05\/segundo-vicepresidente-e1715025726360-768x768.jpg 768w, https:\/\/ligadefutboldelatlantico.com\/wp-content\/uploads\/2024\/05\/segundo-vicepresidente-e1715025726360-600x600.jpg 600w, https:\/\/ligadefutboldelatlantico.com\/wp-content\/uploads\/2024\/05\/segundo-vicepresidente-e1715025726360-100x100.jpg 100w\" sizes=\"(max-width: 900px) 100vw, 900px\" \/>\t\t\t\t\t\t\t\t\t\t\t\t\t\t\t<\/div>\n\t\t\t\t<\/div>\n\t\t\t\t<div class=\"elementor-element elementor-element-aac5cd4 elementor-widget elementor-widget-heading\" data-id=\"aac5cd4\" data-element_type=\"widget\" data-widget_type=\"heading.default\">\n\t\t\t\t<div class=\"elementor-widget-container\">\n\t\t\t\t\t<h2 class=\"elementor-heading-title elementor-size-default\">Pedro Lozano<\/h2>\t\t\t\t<\/div>\n\t\t\t\t<\/div>\n\t\t\t\t<div class=\"elementor-element elementor-element-5fba697 elementor-widget elementor-widget-heading\" data-id=\"5fba697\" data-element_type=\"widget\" data-widget_type=\"heading.default\">\n\t\t\t\t<div class=\"elementor-widget-container\">\n\t\t\t\t\t<h2 class=\"elementor-heading-title elementor-size-default\">Segundo Vicepresidente<\/h2>\t\t\t\t<\/div>\n\t\t\t\t<\/div>\n\t\t\t\t\t<\/div>\n\t\t\t\t<\/div>\n\t\t<div class=\"elementor-element elementor-element-5c8364d e-flex e-con-boxed e-con e-child\" data-id=\"5c8364d\" data-element_type=\"container\">\n\t\t\t\t\t<div class=\"e-con-inner\">\n\t\t\t\t<div class=\"elementor-element elementor-element-e5258cd elementor-widget elementor-widget-image\" data-id=\"e5258cd\" data-element_type=\"widget\" data-widget_type=\"image.default\">\n\t\t\t\t<div class=\"elementor-widget-container\">\n\t\t\t\t\t\t\t\t\t\t\t\t\t\t\t<img loading=\"lazy\" decoding=\"async\" width=\"716\" height=\"716\" src=\"https:\/\/ligadefutboldelatlantico.com\/wp-content\/uploads\/2024\/05\/Secretaria-e1715024738574.jpg\" class=\"attachment-full size-full wp-image-709\" alt=\"\" srcset=\"https:\/\/ligadefutboldelatlantico.com\/wp-content\/uploads\/2024\/05\/Secretaria-e1715024738574.jpg 716w, https:\/\/ligadefutboldelatlantico.com\/wp-content\/uploads\/2024\/05\/Secretaria-e1715024738574-300x300.jpg 300w, https:\/\/ligadefutboldelatlantico.com\/wp-content\/uploads\/2024\/05\/Secretaria-e1715024738574-150x150.jpg 150w, https:\/\/ligadefutboldelatlantico.com\/wp-content\/uploads\/2024\/05\/Secretaria-e1715024738574-600x600.jpg 600w, https:\/\/ligadefutboldelatlantico.com\/wp-content\/uploads\/2024\/05\/Secretaria-e1715024738574-100x100.jpg 100w\" sizes=\"(max-width: 716px) 100vw, 716px\" \/>\t\t\t\t\t\t\t\t\t\t\t\t\t\t\t<\/div>\n\t\t\t\t<\/div>\n\t\t\t\t<div class=\"elementor-element elementor-element-bc644c0 elementor-widget elementor-widget-heading\" data-id=\"bc644c0\" data-element_type=\"widget\" data-widget_type=\"heading.default\">\n\t\t\t\t<div class=\"elementor-widget-container\">\n\t\t\t\t\t<h2 class=\"elementor-heading-title elementor-size-default\">NIDIA VERGARA<\/h2>\t\t\t\t<\/div>\n\t\t\t\t<\/div>\n\t\t\t\t<div class=\"elementor-element elementor-element-8c9a1fa elementor-widget elementor-widget-heading\" data-id=\"8c9a1fa\" data-element_type=\"widget\" data-widget_type=\"heading.default\">\n\t\t\t\t<div class=\"elementor-widget-container\">\n\t\t\t\t\t<h2 class=\"elementor-heading-title elementor-size-default\">Secretaria Ejecutiva<\/h2>\t\t\t\t<\/div>\n\t\t\t\t<\/div>\n\t\t\t\t\t<\/div>\n\t\t\t\t<\/div>\n\t\t<div class=\"elementor-element elementor-element-7742443 e-flex e-con-boxed e-con e-child\" data-id=\"7742443\" data-element_type=\"container\">\n\t\t\t\t\t<div class=\"e-con-inner\">\n\t\t\t\t<div class=\"elementor-element elementor-element-ced7e05 elementor-widget elementor-widget-image\" data-id=\"ced7e05\" data-element_type=\"widget\" data-widget_type=\"image.default\">\n\t\t\t\t<div class=\"elementor-widget-container\">\n\t\t\t\t\t\t\t\t\t\t\t\t\t\t\t<img loading=\"lazy\" decoding=\"async\" width=\"715\" height=\"715\" src=\"https:\/\/ligadefutboldelatlantico.com\/wp-content\/uploads\/2024\/05\/tesorero-e1715026360879.jpg\" class=\"attachment-full size-full wp-image-730\" alt=\"\" srcset=\"https:\/\/ligadefutboldelatlantico.com\/wp-content\/uploads\/2024\/05\/tesorero-e1715026360879.jpg 715w, https:\/\/ligadefutboldelatlantico.com\/wp-content\/uploads\/2024\/05\/tesorero-e1715026360879-300x300.jpg 300w, https:\/\/ligadefutboldelatlantico.com\/wp-content\/uploads\/2024\/05\/tesorero-e1715026360879-150x150.jpg 150w, https:\/\/ligadefutboldelatlantico.com\/wp-content\/uploads\/2024\/05\/tesorero-e1715026360879-600x600.jpg 600w, https:\/\/ligadefutboldelatlantico.com\/wp-content\/uploads\/2024\/05\/tesorero-e1715026360879-100x100.jpg 100w\" sizes=\"(max-width: 715px) 100vw, 715px\" \/>\t\t\t\t\t\t\t\t\t\t\t\t\t\t\t<\/div>\n\t\t\t\t<\/div>\n\t\t\t\t<div class=\"elementor-element elementor-element-1085ed5 elementor-widget elementor-widget-heading\" data-id=\"1085ed5\" data-element_type=\"widget\" data-widget_type=\"heading.default\">\n\t\t\t\t<div class=\"elementor-widget-container\">\n\t\t\t\t\t<h2 class=\"elementor-heading-title elementor-size-default\">JES\u00daS MAR\u00cdA REYES<\/h2>\t\t\t\t<\/div>\n\t\t\t\t<\/div>\n\t\t\t\t<div class=\"elementor-element elementor-element-013a0fb elementor-widget elementor-widget-heading\" data-id=\"013a0fb\" data-element_type=\"widget\" data-widget_type=\"heading.default\">\n\t\t\t\t<div class=\"elementor-widget-container\">\n\t\t\t\t\t<h2 class=\"elementor-heading-title elementor-size-default\">Tesorero<\/h2>\t\t\t\t<\/div>\n\t\t\t\t<\/div>\n\t\t\t\t\t<\/div>\n\t\t\t\t<\/div>\n\t\t\t\t\t<\/div>\n\t\t\t\t<\/div>\n\t\t<div class=\"elementor-element elementor-element-e016298 e-flex e-con-boxed e-con e-parent\" data-id=\"e016298\" data-element_type=\"container\">\n\t\t\t\t\t<div class=\"e-con-inner\">\n\t\t\t\t\t<\/div>\n\t\t\t\t<\/div>\n\t\t\t\t<\/div>\n\t\t","protected":false},"excerpt":{"rendered":"<p>COMIT\u00c9 EJECUTIVO FRANCISCO S\u00c1NCHEZ Presidente MOIS\u00c9S D\u00cdAZ VEL\u00c1SQUEZ Primer Vicepresidente Pedro Lozano Segundo Vicepresidente NIDIA VERGARA Secretaria Ejecutiva JES\u00daS MAR\u00cdA REYES Tesorero<\/p>\n","protected":false},"author":4,"featured_media":0,"parent":0,"menu_order":0,"comment_status":"closed","ping_status":"closed","template":"elementor_header_footer","meta":{"footnotes":""},"class_list":["post-668","page","type-page","status-publish","hentry"],"_hostinger_reach_plugin_has_subscription_block":false,"_hostinger_reach_plugin_is_elementor":false,"_links":{"self":[{"href":"https:\/\/ligadefutboldelatlantico.com\/index.php\/wp-json\/wp\/v2\/pages\/668","targetHints":{"allow":["GET"]}}],"collection":[{"href":"https:\/\/ligadefutboldelatlantico.com\/index.php\/wp-json\/wp\/v2\/pages"}],"about":[{"href":"https:\/\/ligadefutboldelatlantico.com\/index.php\/wp-json\/wp\/v2\/types\/page"}],"author":[{"embeddable":true,"href":"https:\/\/ligadefutboldelatlantico.com\/index.php\/wp-json\/wp\/v2\/users\/4"}],"replies":[{"embeddable":true,"href":"https:\/\/ligadefutboldelatlantico.com\/index.php\/wp-json\/wp\/v2\/comments?post=668"}],"version-history":[{"count":37,"href":"https:\/\/ligadefutboldelatlantico.com\/index.php\/wp-json\/wp\/v2\/pages\/668\/revisions"}],"predecessor-version":[{"id":2923,"href":"https:\/\/ligadefutboldelatlantico.com\/index.php\/wp-json\/wp\/v2\/pages\/668\/revisions\/2923"}],"wp:attachment":[{"href":"https:\/\/ligadefutboldelatlantico.com\/index.php\/wp-json\/wp\/v2\/media?parent=668"}],"curies":[{"name":"wp","href":"https:\/\/api.w.org\/{rel}","templated":true}]}}